 4418025 is divided by 68?
65
What is the remainder when 24382493 is divided by 97?
88
What is the remainder when 72108 is divided by 2410?
2218
What is the remainder when 489923 is divided by 1926?
719
What is the remainder when 439720 is divided by 1437?
1435
Calculate the remainder when 1751447929 is divided by 190.
189
What is the remainder when 455576 is divided by 22?
0
What is the remainder when 4889573 is divided by 444505?
18
Calculate the remainder when 18782771 is divided by 300.
71
What is the remainder when 13096280 is divided by 4365426?
2
What is the remainder when 884181 is divided by 1779?
18
Calculate the remainder when 5989477 is divided by 110916.
13
What is the remainder when 79565 is divided by 388?
25
What is the remainder when 14536349 is divided by 1543?
1289
What is the remainder when 293076 is divided by 1113?
357
Calculate the remainder when 1106070 is divided by 1.
0
Calculate the remainder when 63817737 is divided by 135.
132
What is the remainder when 5100405 is divided by 926?
923
Calculate the remainder when 8627596 is divided by 454081.
57
What is the remainder when 4379447 is divided by 7590?
17
What is the remainder when 11501159 is divided by 10?
9
Calculate the remainder when 10628388 is divided by 5314192.
4
Calculate the remainder when 759878 is divided by 35.
28
What is the remainder when 48325314 is divided by 120?
114
Calculate the remainder when 44042589 is divided by 537.
534
What is the remainder when 4123314 is divided by 69886?
40
What is the remainder when 457004 is divided by 114237?
56
What is the remainder when 111632003 is divided by 13612?
13603
What is the remainder when 156606 is divided by 156550?
56
Calculate the remainder when 1456110 is divided by 728050.
10
Calculate the remainder when 1601601 is divided by 22552.
409
What is the remainder when 362385 is divided by 128?
17
What is the remainder when 82043 is divided by 81540?
503
What is the remainder when 4850196 is divided by 701?
678
Calculate the remainder when 4931691 is divided by 104929.
28
What is the remainder when 18026750 is divided by 4506682?
22
Calculate the remainder when 207262 is divided by 69078.
28
Calculate the remainder when 529139445 is divided by 4517.
4514
Calculate the remainder when 48641 is divided by 561.
395
Calculate the remainder when 66046 is divided by 6369.
2356
Calculate the remainder when 34532 is divided by 6807.
497
What is the remainder when 113845 is divided by 12534?
1039
Calculate the remainder when 417687 is divided by 718.
529
Calculate the remainder when 18411654 is divided by 6137207.
33
Calculate the remainder when 10717803 is divided by 169.
161
What is the remainder when 558484 is divided by 11397?
31
Calculate the remainder when 1674194 is divided by 2808.
626
What is the remainder when 3066520 is divided by 766624?
24
What is the remainder when 1330911 is divided by 3056?
1551
What is the remainder when 91262 is divided by 64?
62
Calculate the remainder when 45420 is divided by 14570.
1710
What is the remainder when 45906767 is divided by 18?
17
Calculate the remainder when 43495251 is divided by 14498415.
6
Calculate the remainder when 134325381 is divided by 2286.
21
What is the remainder when 86629046 is divided by 150?
146
Calculate the remainder when 1124612 is divided by 382.
4
What is the remainder when 123183 is divided by 220?
203
Calculate the remainder when 46939837 is divided by 320.
317
What is the remainder when 238123 is divided by 2029?
730
What is the remainder when 1495748 is divided by 85?
3
What is the remainder when 798620 is divided by 6711?
11
Calculate the remainder when 1104025 is divided by 29823.
574
What is the remainder when 2731299 is divided by 52?
51
Calculate the remainder when 281222697 is divided by 6820.
6817
What is the remainder when 3561952 is divided by 2124?
4
What is the remainder when 103112 is divided by 1625?
737
What is the remainder when 107242 is divided by 1847?
116
What is the remainder when 733210 is divided by 215?
60
Calculate the remainder when 30529130 is divided by 555075.
5
Calculate the remainder when 181283 is divided by 1498.
25
What is the remainder when 25044603 is divided by 357780?
3
What is the remainder when 1695367 is divided by 1695366?
1
Calculate the remainder when 21783331 is divided by 1077.
1006
Calculate the remainder when 8277684 is divided by 103.
89
Calculate the remainder when 826341 is divided by 165268.
1
Calculate the remainder when 266108410 is divided by 2734.
2722
Calculate the remainder when 277708876 is divided by 1687.
1684
What is the remainder when 573729814 is divided by 362?
358
What is the remainder when 6282235929 is divided by 3655?
3654
What is the remainder when 2385431 is divided by 612?
467
What is the remainder when 1155347 is divided by 236?
127
What is the remainder when 53709 is divided by 2077?
1784
What is the remainder when 43045956 is divided by 6?
0
What is the remainder when 40793 is divided by 40174?
619
Calculate the remainder when 50008357 is divided by 4780.
4777
Calculate the remainder when 23761391 is divided by 11880692.
7
Calculate the remainder when 309870 is divided by 111.
69
What is the remainder when 33037 is divided by 6393?
1072
Calculate the remainder when 2740321 is divided by 171269.
17
Calculate the remainder when 4241406 is divided by 3047.
3029
What is the remainder when 1955427 is divided by 1418?
5
Calculate the remainder when 453046 is divided by 1927.
201
Calculate the remainder when 85329 is divided by 1316.
1105
Calculate the remainder when 130447 is divided by 43454.
85
Calculate the remainder when 37478158 is divided by 681.
4
Calculate the remainder when 260362 is divided by 21614.
994
What is the remainder when 315964 is divided by 63123?
349
What is the remainder when 129667 is divided by 4695?
2902
What is the remainder when 108157020 is divided by 307?
306
Calculate the remainder when 10398 is divided by 763.
479
Calculate the remainder when 10487915 is divided by 1747982.
23
What is the remainder when 29746758 is divided by 361?
358
What is the remainder when 2258727 is divided by 752899?
30
What is the remainder when 14489 is divided by 537?
527
What is the remainder when 24085750 is divided by 1163?
20
What is the remainder when 578804 is divided by 192835?
299
Calculate the remainder when 1687475 is divided by 2150.
1875
Calculate the remainder when 69250033 is divided by 144.
1
What is the remainder when 724182 is divided by 5528?
14
What is the remainder when 67659 is divided by 7205?
2814
Calculate the remainder when 307983 is divided by 49800.
9183
What is the remainder when 46525030 is divided by 2341?
2337
Calculate the remainder when 29407 is divided by 856.
303
What is the remainder when 10935244 is divided by 377?
359
Calculate the remainder when 58953 is divided by 6545.
48
What is the remainder when 130360 is divided by 42438?
3046
Calculate the remainder when 8107097 is divided by 1953.
194
Calculate the remainder when 6930715 is divided by 1889.
1863
What is the remainder when 3691062 is divided by 922729?
146
Calculate the remainder when 77153 is divided by 199.
140
What is the remainder when 2476683 is divided by 1237605?
1473
Calculate the remainder when 634620 is divided by 316531.
1558
What is the remainder when 566880 is divided by 7765?
35
Calculate the remainder when 1372127 is divided by 9528.
95
What is the remainder when 568083 is divided by 165?
153
Calculate the remainder when 67891 is divided by 10533.
4693
What is the remainder when 37905 is divided by 3391?
604
What is the remainder when 4270776 is divided by 363?
81
Calculate the remainder when 41935933 is divided by 3754.
3753
Calculate the remainder when 110907 is divided by 27306.
1683
What is the remainder when 3814191 is divided by 88702?
5
What is the remainder when 1307886 is divided by 15559?
930
What is the remainder when 13891490 is divided by 375?
365
Calculate the remainder when 1061924 is divided by 51.
2
Calculate the remainder when 8409958 is divided by 4471.
7
What is the remainder when 14144198 is divided by 256?
198
What is the remainder when 2895455 is divided by 2145?
1850
Calculate the remainder when 113509 is divided by 14187.
13
Calc